. What are the prime factors of y?
2, 3
Suppose -4*f = 3*z - 56, 0 = 3*f - z - 4*z - 71. List the prime factors of f.
17
Let v = 12 - 9. List the prime factors of v.
3
Suppose 1135 = 9*j + 28. What are the prime factors of j?
3, 41
What are the prime factors of ((-21)/6 + 3)/((-4)/384)?
2, 3
Let v(r) = -r**3 - 4*r**2 + 7*r - 5. Let b be 1 + -8 + (2 - 1). What are the prime factors of v(b)?
5
Let t = 133 - -27. What are the prime factors of t?
2, 5
Let d(r) = 7*r - 15. Let z(k) = 10*k - 22. Let w(a) = 7*d(a) - 5*z(a). What are the prime factors of w(-9)?
2, 7
Suppose 67*y - 68*y + 36 = 0. What are the prime factors of y?
2, 3
Suppose -4*n + 6*x + 156 = 2*x, 0 = -n + 4*x + 54. What are the prime factors of n?
2, 17
List the prime factors of 1/(6/116)*3.
2, 29
Let g(l) = -2*l**3 - 2*l**2 - 2*l - 2. Let a be 6*3*12/27. Suppose -2*t = 2*t + a. What are the prime factors of g(t)?
2, 5
Let f = 131 + -91. What are the prime factors of f?
2, 5
Let k = 10 - -28. What are the prime factors of k?
2, 19
Let h = 12 - 5. Let r(d) = -d**3 + 7*d**2 + 5*d - 9. List the prime factors of r(h).
2, 13
Let j = -9 + 14. Suppose 0*m - j*i = -4*m + 32, 0 = 4*m + 3*i. What are the prime factors of m?
3
Let i(z) = 7*z + 3. Let r be (-2)/8 + (-17)/(-4). Let c be i(r). Let x = c + -18. List the prime factors of x.
13
Let d(o) = -o**3 - 10*o**2 - 11*o - 13. Suppose 4*x - 16 = -0. Let t be (6/x)/(4/(-24)). List the prime factors of d(t).
5
Let d = -2 + 6. List the prime factors of 12 + d/8*6.
3, 5
List the prime factors of -13*((-2 - 1) + 1).
2, 13
Let c(u) = -u**3 + 8*u**2 + 9*u - 20. What are the prime factors of c(7)?
2, 23
Suppose -4*f + 12 = -0*f. What are the prime factors of f?
3
Suppose 4*h - 242 - 206 = 0. What are the prime factors of h?
2, 7
Suppose 7*r = r + 30. What are the prime factors of r?
5
Let z be ((-30)/(-9))/((-2)/3). Let h(r) = r**3 + 6*r**2 + 4*r + 1. Let j be h(z). Suppose -j*l = -3*l - 36. What are the prime factors of l?
2, 3
Suppose -5*q = 3*z + 51, -5*z - 36 = -z - 4*q. Let g = -44 - -26. Let j = z - g. List the prime factors of j.
2, 3
Let j = -4 + 6. Suppose -6 + 2 = -j*b. Suppose -5*g + 50 = -3*u, -5*g - b*u = 2*u - 85. List the prime factors of g.
13
Let d = -41 + 62. List the prime factors of d.
3, 7
Suppose 15 = -2*m + m. Let u be (-2)/(-3 + m/(-6)). Suppose -u*z = -a - a + 48, 2*a + z - 23 = 0. List the prime factors of a.
2, 7
Suppose -3*x + 3*t + 6 = x, -3*t = -6. Suppose -g - x*g = 0. Suppose -2*d + 5*y + 6 = g, 5*y - 9 = -3*d - 0*d. List the prime factors of d.
3
Let k = -11 + 15. Suppose k*s - 10 = 66. List the prime factors of s.
19
Suppose -51*f = -56*f + 1060. What are the prime factors of f?
2, 53
Let p be (20/8)/(1/2). Let i = p + 1. List the prime factors of (8/i)/((-8)/(-12)).
2
List the prime factors of (0 + -1)/(1232/412 + -3).
103
Suppose 5*w + 2*y - 10 - 9 = 0, -3*w = 4*y - 17. Suppose 2*l = 3*l - w. List the prime factors of l.
3
Let n(o) = o**2 + 5*o - 10. Suppose 0 = -3*p + 6*p + 30. What are the prime factors of n(p)?
2, 5
Let i(s) = 8*s**2 + s - 12. What are the prime factors of i(-6)?
2, 3, 5
What are the prime factors of 4 + -2 - 4 - -150?
2, 37
Let d(r) = r**3 - 3*r**2 - 3*r + 5. Let o be d(5). Suppose w - 4*w = 0. Suppose w*k + o = 5*k. What are the prime factors of k?
2
Let b(q) = -4*q**2 + 3*q**2 - 3*q + 5 - q - 4*q. List the prime factors of b(-7).
2, 3
Suppose -3*q + 2 = -4*m + 2*q, 4*m - 4*q = 0. Let a(v) = -3 + v + 9*v - 2*v + m. What are the prime factors of a(2)?
3, 5
Let y(l) = -6*l + 2*l - 5 - l - 1. What are the prime factors of y(-4)?
2, 7
Suppose 0 = -2*a - a - 5*k + 125, a - 42 = -2*k. What are the prime factors of a?
2, 5
Let j(v) = v**2 + 16. What are the prime factors of j(11)?
137
Let z(k) = k**2 - 2*k + 1. Let s be z(2). List the prime factors of ((-2)/s + -3)*-1.
5
Let w = 6 + -2. Suppose 0 = -0*q - w*q + 8. What are the prime factors of q?
2
What are the prime factors of (2/(-4))/((-1)/2)*193?
193
Let l(b) = 7. Let s(f) = f - 8. Let v(o) = -7*l(o) - 6*s(o). Let m be v(-1). Let q = m + -1. List the prime factors of q.
2
Suppose 0 = -5*h - 0*h + 25. Let x be (3 - 1) + h + -3. Suppose -g - 4*f + 12 = 0, -x*f = g + f - 12. What are the prime factors of g?
2, 3
Suppose 3*z + 33 = 78. Let s = 0 + z. Suppose 2*m + m + s = 0, -2*m + 2 = 2*r. List the prime factors of r.
2, 3
Let p(c) = -9*c - 9. What are the prime factors of p(-13)?
2, 3
Let h = -52 - -54. What are the prime factors of h?
2
Let c(x) = -6*x - 1. Let y be c(-1). Suppose -s + 38 = -3*b, -y*s - 5*b + 119 = -11. Let m = s + -17. What are the prime factors of m?
2, 3
Suppose -3*d + 357 = -252. What are the prime factors of d?
7, 29
Suppose 0 = -2*g + c + 69, -3*c - 108 = -3*g - 0*g. List the prime factors of g/7 + (-2)/(-7).
5
Let v be (-18)/4*(-2 + 4). What are the prime factors of 95/3 - (-6)/v?
31
What are the prime factors of ((-4)/6)/((-48)/(-126))*-20?
5, 7
Let n(v) = v**2 - 1. List the prime factors of n(2).
3
Suppose -o - b + 5 = 0, 3*o - 2*b = b + 3. Suppose -53 = -5*k + 4*g + 9, 2*k - 11 = -o*g. Let f = k + -6. List the prime factors of f.
2
Let c = 171 + -117. What are the prime factors of c?
2, 3
Suppose 0 = 3*c - 12. What are the prime factors of c/(-12) + (-14)/(-6)?
2
Let y(c) = -c**2 + 6*c - 3. Let b = 12 + -7. Let s be y(b). Let n(m) = 2*m - 2. What are the prime factors of n(s)?
2
Let n be -4 - -4 - 0/2. Suppose n = 5*r + 2 - 12. List the prime factors of r.
2
Let g = -6 - -1. What are the prime factors of 5 + (-5)/(g/3)?
2
Let c(q) = q**2 + 4*q - 4. What are the prime factors of c(3)?
17
Let n(z) = 6*z**2 - 4*z - 5. List the prime factors of n(-2).
3
Let r(b) = b**2 + 2*b + 10. What are the prime factors of r(0)?
2, 5
Suppose -4*w + 8 = -0. Suppose 2*r - 56 = -w*r. List the prime factors of r.
2, 7
Let u be (-377)/(-117) - 4/18. Suppose -2*d - 2 = -3*d - 3*s, u*s = 4*d - 23. What are the prime factors of d?
5
Let p = 461 - 327. List the prime factors of p.
2, 67
Let t be (-3)/3 - (-7)/1. Suppose b - 26 = 4*i, 5*b - t*i = -i + 70. List the prime factors of b.
2, 5
Let t = -30 - -20. List the prime factors of 5/(-25) + (-102)/t.
2, 5
Suppose -3*c + 89 = 3*p - 5*c, 21 = p - 5*c. Suppose -9 = 3*u, -2*r = -9*u + 4*u - p. List the prime factors of r.
2
Suppose 0 = -19*j + 17*j + 322. List the prime factors of j.
7, 23
Let h = -4 + 9. Suppose -5*k - 9*r + 88 = -h*r, 0 = 3*k + 3*r - 51. List the prime factors of k.
2, 5
Let u be (9/(-6))/(-3)*6. Suppose -88 = -u*s - s. List the prime factors of s/5 + 6/(-15).
2
Suppose -2 = -q - 0. Suppose -l = 4*p - 119, q*p - 148 = -3*p - 2*l. Suppose 5*s - 22 = -3*t + 2*t, -5*t + p = 5*s. What are the prime factors of t?
2
Let q be -1 + 19 - (2 + -3). Suppose 5*k = y + k - 23, y - q = 3*k. What are the prime factors of y?
7
Let h(a) = -a**2 - 9*a + 10. What are the prime factors of h(-5)?
2, 3, 5
Suppose -4*z + 0 + 12 = 0. Let g(b) = 8*b - 4. Let r be g(z). Suppose r = 2*k - 0*k. What are the prime factors of k?
2, 5
Suppose -5*f = -5*c + 465, 2*f - 4*c + 464 = -3*f. What are the prime factors of 2*f/(-8) - -3?
2, 13
Suppose -2 - 1 = 3*y. List the prime factors of (y - -7)*(-10)/(-4).
3, 5
Suppose 2*i = 2 + 6. Suppose 2*l - 2*h - i = -4*h, 2*h = 3*l - 6. List the prime factors of l.
2
Let v be 54/3*(-2)/4. Let m = v - -15. List the prime factors of m.
2, 3
What are the prime factors of -3 + (3 - -1) + 10?
11
Let k = 17 + -7. Suppose k*n = 5*n + 70. List the prime factors of n.
2, 7
What are the prime factors of (-65)/(-2) - 8/(-16)?
3, 11
Suppose -m = 0, -4*k + 2*m + 456 = -0*k. List the prime factors of k.
2, 3, 19
Let s be 59/3 - 1/(-3). Suppose 2*o + 8 = -3*c, -c + 16 = -2*o + 8. What are the prime factors of -2*(1 - c) + s?
2, 3
Suppose 5*n = -5*v + 1150, -2*n - n - 4*v + 689 = 0. What are the prime factors of n?
3, 7, 11
Let g(d) = 3*d**2 + 2*d - 2. List the prime factors of g(3).
31
Suppose f - 5 = -h - 19, 5*h - 4*f = -106. Let q be 4/h + 777/(-27). Let m = -18 - q. List the prime factors of m.
11
Let j be 1038/(-42) + 4/(-14). Let b = j - -47. List the prime factors of b.
2, 11
Let o = 14 - -7. Let r = -15 + o. List the prime factors of r.
2, 3
Let c be (-4)/22 - 2/(-11). Let u = c - 2. List the prime factors of u/9 + (-330)/(-27).
2, 3
Suppose -2*u + 60 = -0*u. List the prime fact